{"id":470,"date":"2022-03-16T16:31:09","date_gmt":"2022-03-16T15:31:09","guid":{"rendered":"https:\/\/maison-horizon.fr\/?page_id=470"},"modified":"2022-03-16T16:32:27","modified_gmt":"2022-03-16T15:32:27","slug":"donnez-nous-votre-avis","status":"publish","type":"page","link":"https:\/\/maison-horizon.fr\/?page_id=470","title":{"rendered":"Donnez-nous votre avis"},"content":{"rendered":"\n<figure class=\"wp-block-image size-full\"><img data-recalc-dims=\"1\" loading=\"lazy\" decoding=\"async\" width=\"750\" height=\"500\" data-attachment-id=\"225\" data-permalink=\"https:\/\/maison-horizon.fr\/?attachment_id=225\" data-orig-file=\"https:\/\/i0.wp.com\/maison-horizon.fr\/wp-content\/uploads\/2021\/12\/1J4A7848.jpg?fit=886%2C591&amp;ssl=1\" data-orig-size=\"886,591\" data-comments-opened=\"1\" data-image-meta=\"{&quot;aperture&quot;:&quot;11&quot;,&quot;credit&quot;:&quot;&quot;,&quot;camera&quot;:&quot;Canon EOS 5D Mark IV&quot;,&quot;caption&quot;:&quot;&quot;,&quot;created_timestamp&quot;:&quot;1574877962&quot;,&quot;copyright&quot;:&quot;&quot;,&quot;focal_length&quot;:&quot;24&quot;,&quot;iso&quot;:&quot;100&quot;,&quot;shutter_speed&quot;:&quot;0.016666666666667&quot;,&quot;title&quot;:&quot;&quot;,&quot;orientation&quot;:&quot;1&quot;}\" data-image-title=\"1J4A7848\" data-image-description=\"\" data-image-caption=\"\" data-large-file=\"https:\/\/i0.wp.com\/maison-horizon.fr\/wp-content\/uploads\/2021\/12\/1J4A7848.jpg?fit=750%2C500&amp;ssl=1\" src=\"https:\/\/i0.wp.com\/maison-horizon.fr\/wp-content\/uploads\/2021\/12\/1J4A7848.jpg?resize=750%2C500&#038;ssl=1\" alt=\"\" class=\"wp-image-225\" srcset=\"https:\/\/i0.wp.com\/maison-horizon.fr\/wp-content\/uploads\/2021\/12\/1J4A7848.jpg?w=886&amp;ssl=1 886w, https:\/\/i0.wp.com\/maison-horizon.fr\/wp-content\/uploads\/2021\/12\/1J4A7848.jpg?resize=300%2C200&amp;ssl=1 300w, https:\/\/i0.wp.com\/maison-horizon.fr\/wp-content\/uploads\/2021\/12\/1J4A7848.jpg?resize=768%2C512&amp;ssl=1 768w\" sizes=\"auto, (max-width: 750px) 100vw, 750px\" \/><\/figure>\n\n\n\n<p class=\"wp-block-paragraph\">Vous avez r\u00e9cemment s\u00e9journ\u00e9 \u00e0 Maison Horizon \u00e0 Buis-Les-Baronnies.<br>Afin de nous permettre d&rsquo;am\u00e9liorer nos prestations, merci de nous dire comment s&rsquo;est d\u00e9roul\u00e9 votre s\u00e9jour.<\/p>\n","protected":false},"excerpt":{"rendered":"<p>Vous avez r\u00e9cemment s\u00e9journ\u00e9 \u00e0 Maison Horizon \u00e0 Buis-Les-Baronnies.Afin de nous permettre d&rsquo;am\u00e9liorer nos prestations, merci de nous dire comment s&rsquo;est d\u00e9roul\u00e9 votre s\u00e9jour.<\/p>\n","protected":false},"author":215344709,"featured_media":0,"parent":0,"menu_order":0,"comment_status":"open","ping_status":"closed","template":"","meta":{"_crdt_document":"","advanced_seo_description":"","jetpack_seo_html_title":"","jetpack_seo_noindex":false,"footnotes":""},"class_list":["post-470","page","type-page","status-publish","hentry","entry"],"jetpack_likes_enabled":true,"jetpack_sharing_enabled":true,"jetpack_shortlink":"https:\/\/wp.me\/PdBV04-7A","amp_enabled":true,"_links":{"self":[{"href":"https:\/\/maison-horizon.fr\/index.php?rest_route=\/wp\/v2\/pages\/470","targetHints":{"allow":["GET"]}}],"collection":[{"href":"https:\/\/maison-horizon.fr\/index.php?rest_route=\/wp\/v2\/pages"}],"about":[{"href":"https:\/\/maison-horizon.fr\/index.php?rest_route=\/wp\/v2\/types\/page"}],"author":[{"embeddable":true,"href":"https:\/\/maison-horizon.fr\/index.php?rest_route=\/wp\/v2\/users\/215344709"}],"replies":[{"embeddable":true,"href":"https:\/\/maison-horizon.fr\/index.php?rest_route=%2Fwp%2Fv2%2Fcomments&post=470"}],"version-history":[{"count":7,"href":"https:\/\/maison-horizon.fr\/index.php?rest_route=\/wp\/v2\/pages\/470\/revisions"}],"predecessor-version":[{"id":478,"href":"https:\/\/maison-horizon.fr\/index.php?rest_route=\/wp\/v2\/pages\/470\/revisions\/478"}],"wp:attachment":[{"href":"https:\/\/maison-horizon.fr\/index.php?rest_route=%2Fwp%2Fv2%2Fmedia&parent=470"}],"curies":[{"name":"wp","href":"https:\/\/api.w.org\/{rel}","templated":true}]}}